
In base 13, what is -36153 - -a?
-36146
In base 3, what is -20020210100 - -122202?
-20020010121
In base 16, what is -b5f - -5166?
4607
In base 13, what is 13 + 2a61a?
2a630
In base 11, what is a0 - 227966?
-227876
In base 8, what is 13002033 + 15?
13002050
In base 2, what is 11100001101100100 - -10011000?
11100001111111100
In base 11, what is -1013510a - -2?
-10135108
In base 4, what is -220213110 - 2201?
-220221311
In base 10, what is -76210 - -17?
-76193
In base 4, what is 311233003 + 32?
311233101
In base 16, what is -2 + 1a97fd?
1a97fb
In base 11, what is 322253065 - 2?
322253063
In base 10, what is 11830954 + 1?
11830955
In base 14, what is 2c1a + -1180?
1a7a
In base 10, what is -2544887 + -8?
-2544895
In base 15, what is 11275 - -60b?
11881
In base 7, what is 22555 - -1424?
24312
In base 2, what is -10111011111100001001001010110 + 10?
-10111011111100001001001010100
In base 13, what is 201407cac + 0?
201407cac
In base 7, what is -1064365 + 1144?
-1063221
In base 6, what is 1533532 + 2024?
1540000
In base 7, what is 4 - 111133516?
-111133512
In base 15, what is 12954 - 82a?
12129
In base 9, what is -3 + 4758237?
4758234
In base 7, what is -21552 - -116006?
64124
In base 8, what is 264424 + -120?
264304
In base 5, what is 4030 + 410231?
414311
In base 13, what is b24 + 234a2?
242c6
In base 4, what is -21012311 + 10313?
-21001332
In base 12, what is 3 + 9b36b8?
9b36bb
In base 5, what is -204 + -31311?
-32020
In base 2, what is 1101111110111010110101101110 - 10?
1101111110111010110101101100
In base 10, what is 42015 - 13834?
28181
In base 14, what is -4684ac2 + 3?
-4684abd
In base 9, what is -5233242 - 18?
-5233261
In base 5, what is -12114311120 + -33?
-12114311203
In base 6, what is -205105331 - -2?
-205105325
In base 14, what is 7b8898 - -4?
7b889c
In base 8, what is -6625323 - -17?
-6625304
In base 13, what is -4 + -3a340729?
-3a340730
In base 14, what is 9cdb1 + -201?
9cbb0
In base 13, what is a8737 + 19b?
a8905
In base 6, what is 32233 + 42221?
114454
In base 6, what is 10412514 + -14214?
10354300
In base 4, what is 1 - 113121221021?
-113121221020
In base 14, what is 536c7a - -265?
537101
In base 8, what is 567 + -65655?
-65066
In base 3, what is 11 + -121010100212201?
-121010100212120
In base 13, what is 1 + -c3a0c9?
-c3a0c8
In base 8, what is -1545025 - -131?
-1544674
In base 12, what is -38342 - -86?
-38278
In base 15, what is -b4 - 36ce7?
-36dab
In base 7, what is -24220 + -563?
-25113
In base 5, what is -12104403324 - 11?
-12104403340
In base 3, what is -1000010020 + -10012?
-1000020102
In base 11, what is 15383676 + 4?
1538367a
In base 10, what is 31 + -278375?
-278344
In base 8, what is -2152617 + -2?
-2152621
In base 15, what is -382 + -c5842?
-c5bc4
In base 5, what is -4224421234 + -13?
-4224421302
In base 8, what is 1115402734 - 1?
1115402733
In base 3, what is -122102 + -21001120200111?
-21001121022220
In base 16, what is 96401 - 10c?
962f5
In base 3, what is 1011022120120220121 + 0?
1011022120120220121
In base 4, what is 11 - 111321032232?
-111321032221
In base 16, what is 285b22 + -1?
285b21
In base 5, what is 240320123 + -34?
240320034
In base 3, what is 102 - 101122100022210?
-101122100022101
In base 6, what is -4042340 - -14431?
-4023505
In base 13, what is -4 - ba1663?
-ba1667
In base 6, what is 421 + 20343345?
20344210
In base 13, what is b6b9a + 152?
b701c
In base 9, what is 4308184 + -125?
4308058
In base 14, what is 3546 - 8cd?
2a57
In base 8, what is -10 - -677147?
677137
In base 10, what is -184304665 + -3?
-184304668
In base 15, what is 5b4 - -cc2?
1386
In base 13, what is -5 + -102c440a?
-102c4412
In base 13, what is -82 + -10b398b?
-10b3a40
In base 5, what is 22 + -4104002414?
-4104002342
In base 15, what is 6ac9a7 + -43?
6ac964
In base 10, what is -2 - -2417127?
2417125
In base 6, what is 5 + -3243314314?
-3243314305
In base 2, what is 11110001110110001110101 + -1110?
11110001110110001100111
In base 14, what is 9 + 8c5454?
8c545d
In base 2, what is 1 - -101000001010101001101010001?
101000001010101001101010010
In base 7, what is -212103 - 1300?
-213403
In base 7, what is 140333146 - 104?
140333042
In base 6, what is -444440445213 - 2?
-444440445215
In base 6, what is -3 + 10022451550?
10022451543
In base 3, what is 100010201212 + -2001021?
100001200121
In base 4, what is 11 - 332320022211?
-332320022200
In base 8, what is 2552133 + 1367?
2553522
In base 10, what is 1049 + 3652?
4701
In base 11, what is -2a5a + -118570?
-12051a
In base 9, what is 200 - 260357?
-260157
In base 15, what is 13c9485 - 5?
13c9480
In base 5, what is -1103244331 - 2?
-1103244333
In base 15, what is -4b1cb + -202?
-4b3cd
In base 15, what is -287d - 117?
-2995
In base 8, what is -430743 + -112?
-431055
In base 13, what is -29 - -15acc5?
15ac99
In base 7, what is -32242423 + -23?
-32242446
In base 15, what is -c47878 + -9?
-c47882
In base 16, what is 34400b - -c?
344017
In base 6, what is -2221051013 + 0?
-2221051013
In base 3, what is 10020020202 + -212001?
10012101201
In base 12, what is 2b292 + -4a?
2b244
In base 16, what is 6883f31d + -4?
6883f319
In base 7, what is 562661 - 462?
562166
In base 10, what is -1422170106 - 1?
-1422170107
In base 16, what is 88a - 13b?
74f
In base 2, what is -110010111100110 - -1110001000?
-110001001011110
In base 16, what is -5 - 8acc55?
-8acc5a
In base 16, what is 251d7f - 4?
251d7b
In base 15, what is 7852 - 9?
7848
In base 8, what is -54266 - 37?
-54325
In base 9, what is -8116458 + -155?
-8116624
In base 16, what is 0 - 3888ac?
-3888ac
In base 13, what is 6913ba + 6?
6913c3
In base 13, what is 92 - -5ba0?
5c62
In base 7, what is -4563221 - 2?
-4563223
In base 14, what is 130 - 36475?
-36345
In base 9, what is 5 - 2258528?
-2258523
In base 10, what is -240 + -975668?
-975908
In base 4, what is 120113110030 + 3?
120113110033
In base 8, what is 130 - -637034?
637164
In base 5, what is 13300212 - 20402?
13224310
In base 10, what is 18 - -2361149?
2361167
In base 15, what is -1a - 39a99?
-39ab4
In base 16, what is 5 + 1f7984?
1f7989
In base 2, what is 10000 - -11100000111000100001111?
11100000111000100011111
In base 13, what is -1 + -1b447010?
-1b447011
In base 10, what is -105157 + 499?
-104658
In base 16, what is -3f9 + -1c6bc?
-1cab5
In base 7, what is -3525141123 + 5?
-3525141115
In base 8, what is -1047727 - 162?
-1050111
In base 8, what is -124733 + -2161?
-127114
In base 13, what is -c647a19c - -3?
-c647a199
In base 2, what is 11011 + -1110110110111100101000?
-1110110110111100001101
In base 5, what is 21100144 - 214?
21044430
In base 4, what is -12201012220 - 11?
-12201012231
In base 8, what is -37750424 - 47?
-37750473
In base 5, what is 310012311 + 11?
310012322
In base 9, what is 270561 + 2010?
272571
In base 2, what is 11010110001111000100 - -1111010?
11010110010000111110
In base 14, what is -2 + -7c7cc?
-7c7d0
In base 7, what is -54015 + -53215?
-140233
In base 4, what is 1210221303 - 1010?
1210220233
In base 15, what is 231299 - -1?
23129a
In base 3, what is 11 + 2111001000010112?
2111001000010200
In base 10, what is 12667399 + 9?
12667408
In base 4, what is -3102310 + -1100002?
-10202312
In base 7, what is 31014031 - 1522?
31012206
In base 7, what is -1 - 43342656?
-43342660
In base 6, what is -40210314 + -3141?
-40213455
In base 5, what is -330012120431 - -4?
-330012120422
In base 2, what is 11011000100000 + -1100100?
11010110111100
In base 10, what is -96 + -1754572?
-1754668
In base 10, what is 10627 + -1732?
8895
In base 12, what is 6848609a + 2?
684860a0
In base 10, what is -827859 + -256?
-828115
In base 9, what is 0 + 35268622?
35268622
In base 11, what is -122236 - -2281?
-11aa65
In base 12, what is -72bb8183 - 5?
-72bb8188
In base 5, what is -4033 + 320130?
311042
In base 16, what is 395 - 5f817?
-5f482
In base 10, what is -607142542 + 1?
-607142541
In base 10, what is -56 - 3339022?
-3339078
In base 14, what is 11aa28 - 3?
11aa25
In base 14, what is -39c3b2b1 + -3?
-39c3b2b4
In base 3, what is -10211111001120012 + 110?
-10211111001112202
In base 12, what is -28a4 + -10a4a?
-13732
In base 15, what is -e3e + 223?
-c1b
In base 9, what is -70770301 - 2?
-70770303
In base 4, what is 331230112221 - -3?
331230112230
In base 14, what is -152 - -1a206?
1a094
In base 4, what is 100231 